?
15
Suppose 2*f - 2 = 16. Let b = 2 + f. What is the remainder when 42 is divided by b?
9
Suppose -3*n = h - 23, -2*h + 5*h = -n + 93. What is the remainder when h is divided by 2/4*22*1?
10
Suppose -m + 31 = m + 5*g, 0 = 3*m + 2*g - 19. What is the remainder when m is divided by 1?
0
Let v = 65 + -63. Let w be 3/(-6) + (-2)/(-4). Suppose 0 = 2*t - 4 - w. What is the remainder when v is divided by t?
0
Let j be 6/5*15/6. Suppose -6*a + 2*a + 25 = j*c, 5*a = 5. Calculate the remainder when 20 is divided by c.
6
Let k(o) = -24*o**3 - o**2 - o. Let m be k(-1). Let q = m + 19. Suppose -29 = 2*w - 4*w + 3*d, -4*d - q = -3*w. What is the remainder when 25 is divided by w?
12
Let n(v) be the first derivative of -v**3/3 - 4*v**2 + 5*v + 5. Let j = 92 - 46. Calculate the remainder when j is divided by n(-7).
10
Let b(m) = -m + 3. Suppose -5*f = 5*o - 105, -o + 88 = 3*o + 5*f. What is the remainder when o is divided by b(-6)?
8
What is the remainder when 1 - 2 - (1 - -10)*-8 is divided by 8?
7
Calculate the remainder when 66 is divided by 90/6*1/3.
1
Suppose 0 = -2*v - c + 6, -4*c + 4 = -2*v - 0. Suppose 18 = v*t - 0*t. Calculate the remainder when 15 is divided by t.
6
Suppose 32 = 2*d + 2*d. What is the remainder when d is divided by 5?
3
Suppose 4*n - 2*g = 88 - 36, 0 = 4*n + 2*g - 60. Suppose 0 = -3*v + 117 - 0. What is the remainder when v is divided by n?
11
Suppose 5*i + 5*d = 15, 0 = -3*d - 0*d + 3. Calculate the remainder when 5 is divided by i.
1
Let v(d) = -2*d + 17. Let i be v(5). Let z = 17 - i. What is the remainder when 16 is divided by z?
6
Suppose -2*r = -r - 68. Calculate the remainder when r is divided by 12.
8
Suppose -2*n - 3*g + 13 = 0, -3*n = -g - 36 - 0. What is the remainder when 39 is divided by n?
6
Let g(w) = w. Let q be g(2). Suppose -15 = -t - q*t. What is the remainder when t is divided by 4?
1
Let x(a) = -2*a + 3 + 3 - 5. Suppose 4*k + 36 = 2*q, 3*q - 3*k + 0*k - 66 = 0. Calculate the remainder when q is divided by x(-4).
8
Suppose -2*q = p + 4*p - 50, -3*q + 7 = -p. Calculate the remainder when 39 is divided by p.
7
Let o(h) = 18*h**2 - 3. Let f be o(5). Calculate the remainder when f/12 - (-1)/(-4) is divided by 20.
17
Suppose 0 - 36 = -3*m. Suppose 0 = 4*y - 4*x - 108, -2*y + 15 = -y + 2*x. What is the remainder when y is divided by m?
11
Suppose -3*d = -4*h - 4*d + 430, -5*d = -10. What is the remainder when h is divided by 27?
26
Let m be 2/6*(0 - -15). Calculate the remainder when 4/10 + 48/m is divided by 10/(3 + -1) - -1.
4
Suppose 0 = -3*d + 9, 0*p + 5*p - 4*d = 33. Calculate the remainder when 16 is divided by p.
7
Calculate the remainder when 92 is divided by (6 - 9 - 0)*(-94)/6.
45
Let o(k) = 10*k - 2. Let s = 143 + -45. Let b = -45 + s. What is the remainder when b is divided by o(2)?
17
Suppose 4*w - 447 = -123. Suppose 0 = 4*j - 115 - w. What is the remainder when j is divided by 10?
9
Let d be (-6)/(-1 + (-26)/(-20)). What is the remainder when 3/(-15) - 524/d is divided by 7?
5
Suppose -3*g + 147 = -3*u, -8*u - 230 = -5*g - 6*u. What is the remainder when g is divided by 16?
12
Suppose 0 = 2*k - 0*k - 26. Suppose p - 111 = 46. Suppose 3*l - p = -2*f, 2*l - 3*f = 15 + 68. What is the remainder when l is divided by k?
10
Suppose 0*h - 2*h = 0. Suppose -4*p + h = -8. What is the remainder when 0 + (-2)/(p/(-3)) is divided by 2?
1
Let s = -22 - -35. Suppose 5*i - 5 + 0 = 0, -5*b + 4*i + 116 = 0. Calculate the remainder when b is divided by (-10)/65 + 171/s.
11
Suppose -3*n = 15, 2*h + 32 = 5*h + 2*n. Calculate the remainder when h is divided by 8.
6
Let y = 0 + -1. Let l be 4 + (y*4 - -2). Calculate the remainder when 13 is divided by (-12)/(-3) + l + -1.
3
Let j(s) = s**2 + 11. Calculate the remainder when 19 is divided by j(0).
8
Let u(b) = b**3 - 4*b**2 - 5*b + 2. Let n(k) = k**2 - 6*k - 6. What is the remainder when u(5) is divided by n(7)?
0
Let t(w) = w**3 + 8*w**2 + 3*w + 1. Calculate the remainder when t(-5) is divided by 16.
13
Let x(c) = -2*c**3 - 4*c**2 + 2*c - 4. Let n be x(-4). Let u = n - 13. Let f(k) = k**3 + 6*k**2 + 2*k - 2. Calculate the remainder when u is divided by f(-2).
9
Let m(s) = 2*s**2 + 3*s + 14. Calculate the remainder when m(-7) is divided by 24.
19
Suppose 5*u - 7 = 33. Calculate the remainder when 21 is divided by u.
5
Suppose 4*w + 16 - 72 = 0. Calculate the remainder when 26 is divided by w.
12
Suppose -3 - 57 = -5*a. What is the remainder when 46 is divided by a?
10
Suppose 3*h - 81 = -9. Calculate the remainder when 46 is divided by h.
22
Suppose -c - 11 = -49. Calculate the remainder when c is divided by 10.
8
Calculate the remainder when 20 is divided by 3/(-2 + 3) + (0 - -4).
6
Let f = -14 + 38. What is the remainder when f is divided by 7?
3
Suppose 0 = -0*y - y + 18. Calculate the remainder when 34 is divided by y.
16
Let w(v) = -136*v**2. Let o be w(-1). Let j be (o/(-6))/2*3. Suppose y - j = -14. Calculate the remainder when y is divided by 7.
6
Let w(t) = -t - 4. Let f be w(-9). Suppose 0 = 2*v - 5 - f. Calculate the remainder when 9 is divided by v.
4
Let x = 99 + -143. Calculate the remainder when (-1)/3*(-1 + x) is divided by 9.
6
Suppose -m - 2*m = -15. Let o = 25 + -6. Suppose -58 = -3*g - o. Calculate the remainder when g is divided by m.
3
Suppose -196 = -2*x - 0*x. Calculate the remainder when x is divided by 25.
23
Suppose -m + 50 = o, 0 = -m - 0*m. Calculate the remainder when o is divided by 18.
14
Let z(g) = 15*g**3 - g**2 + 3*g - 1. Let t(u) = u**3 - 2*u + 2. Calculate the remainder when z(1) is divided by t(2).
4
Suppose -o + g = -185, o + 0*g + g = 191. Suppose -o = -5*q - 23. Let z = -19 + q. Calculate the remainder when z is divided by 4.
2
Let t = 21 + 6. Suppose 23 = 2*l - t. Suppose n - 36 = -3*n. What is the remainder when l is divided by n?
7
Let g(w) = 8*w - 1. Suppose 14 = 4*n + 2. Let z(x) = x**3 - 5*x**2 + 6*x. What is the remainder when g(n) is divided by z(4)?
7
Suppose 13 = o - 0*o. Suppose 2*l - 52 = 4*d - 2*d, 0 = 2*d - 5*l + 67. Let c = 2 - d. What is the remainder when c is divided by o?
10
Let u(c) = c**3 - 13*c**2 + 3. Calculate the remainder when 4 is divided by u(13).
1
Suppose y = 4*y - 21. Suppose 0 = h - 2 - 2. What is the remainder when y is divided by h?
3
Let v(x) = 5*x - 24. Calculate the remainder when v(14) is divided by (-4)/(-5)*(2 - -18).
14
Suppose -2*f - 8 = -4*u, u + 2*f + 2*f = 2. Suppose -u*o + 4*q - 2 = -14, -o + 5*q = -12. Let j = 9 - o. What is the remainder when 12 is divided by j?
5
Let l be (-90)/(-4)*40/25. Let c = l - 3. What is the remainder when c is divided by 68/8*(-2)/(-1)?
16
Calculate the remainder when (-12)/(-2)*(9 + -6) is divided by 7.
4
Calculate the remainder when (-3)/(30/4) + 1672/55 is divided by 8.
6
Suppose 0*n = -5*n + 125. Suppose 4*b = -2*k + 22, -5*b + 37 = 4*k - 4*b. What is the remainder when n is divided by k?
7
Let v = 82 - 46. Suppose -2*l + 14 = -4*x - v, -l - 4*x + 25 = 0. Suppose -z + 8 = -5. Calculate the remainder when l is divided by z.
12
Let h(b) = 2 - b + 5 - 4*b + b**2. What is the remainder when 25 is divided by h(5)?
4
Let k = 372 + -133. What is the remainder when k is divided by 48?
47
Let k(w) = -16*w - 3. Let x be k(-2). Let z be 1 - (x - (0 + 0)). Let n = z + 51. What is the remainder when n is divided by 12?
11
What is the remainder when (-1)/(3 + -3 - (-2)/(-158)) is divided by 27?
25
Let k(u) = -3*u - 3. Let x be k(3). Let a = x + 17. Let z = -29 - -42. Calculate the remainder when z is divided by a.
3
Let i = 7 + 3. Calculate the remainder when 17 is divided by i.
7
Let c = -4 + 30. Calculate the remainder when c is divided by 7.
5
Suppose 0 = -4*a - 0*d - d + 53, -3*a = 2*d - 41. Calculate the remainder when 38 is divided by a.
12
Let k = 76 + -38. What is the remainder when k is divided by 10?
8
Suppose -41 = -5*d - 11. What is the remainder when 17 is divided by d?
5
Let l = -41 - -84. What is the remainder when l is divided by 23?
20
What is the remainder when 86 is divided by 29/(6*(-3)/(-18))?
28
Suppose 2*b - 2*o - 22 = -0*b, 22 = 2*b + 3*o. What is the remainder when 41 is divided by b?
8
Let n(m) = m**2 - 4. Suppose 0 = 3*f - 12, -2*o + 3*o - 58 = -3*f. Suppose 0 = -z + 3*z - o. Calculate the remainder when z is divided by n(4).
11
Suppose 5*l